s divided by 44.
20
Calculate the remainder when 569 is divided by 44.
41
Calculate the remainder when 654 is divided by 82.
80
Calculate the remainder when 45304 is divided by 94.
90
What is the remainder when 1423 is divided by 89?
88
What is the remainder when 143 is divided by 13?
0
What is the remainder when 583 is divided by 309?
274
Calculate the remainder when 370 is divided by 129.
112
What is the remainder when 66 is divided by 8?
2
Calculate the remainder when 1025 is divided by 79.
77
What is the remainder when 187 is divided by 19?
16
Calculate the remainder when 430 is divided by 129.
43
What is the remainder when 197 is divided by 33?
32
What is the remainder when 324 is divided by 28?
16
Calculate the remainder when 213 is divided by 109.
104
What is the remainder when 224 is divided by 23?
17
What is the remainder when 3949 is divided by 9?
7
What is the remainder when 383 is divided by 14?
5
What is the remainder when 35 is divided by 14?
7
Calculate the remainder when 75 is divided by 5.
0
What is the remainder when 192 is divided by 157?
35
Calculate the remainder when 129 is divided by 65.
64
Calculate the remainder when 360 is divided by 33.
30
What is the remainder when 77 is divided by 7?
0
Calculate the remainder when 354 is divided by 108.
30
What is the remainder when 208 is divided by 15?
13
What is the remainder when 147 is divided by 70?
7
Calculate the remainder when 3057 is divided by 764.
1
What is the remainder when 1112 is divided by 1102?
10
What is the remainder when 113 is divided by 5?
3
What is the remainder when 423 is divided by 27?
18
What is the remainder when 132 is divided by 24?
12
What is the remainder when 10096 is divided by 66?
64
What is the remainder when 3085 is divided by 100?
85
What is the remainder when 8055 is divided by 44?
3
Calculate the remainder when 8339 is divided by 26.
19
What is the remainder when 902 is divided by 290?
32
What is the remainder when 727 is divided by 127?
92
What is the remainder when 46 is divided by 18?
10
What is the remainder when 963 is divided by 17?
11
What is the remainder when 749 is divided by 25?
24
Calculate the remainder when 309 is divided by 39.
36
What is the remainder when 139 is divided by 47?
45
Calculate the remainder when 144 is divided by 7.
4
Calculate the remainder when 216 is divided by 118.
98
Calculate the remainder when 75 is divided by 7.
5
What is the remainder when 947 is divided by 12?
11
What is the remainder when 179 is divided by 108?
71
What is the remainder when 985 is divided by 38?
35
Calculate the remainder when 2584 is divided by 37.
31
Calculate the remainder when 67 is divided by 17.
16
What is the remainder when 130 is divided by 92?
38
What is the remainder when 63 is divided by 57?
6
What is the remainder when 936 is divided by 24?
0
What is the remainder when 197 is divided by 41?
33
What is the remainder when 49 is divided by 39?
10
Calculate the remainder when 391 is divided by 49.
48
Calculate the remainder when 9161 is divided by 195.
191
Calculate the remainder when 2693 is divided by 246.
233
Calculate the remainder when 1362 is divided by 13.
10
Calculate the remainder when 68 is divided by 31.
6
What is the remainder when 1576 is divided by 525?
1
What is the remainder when 1927 is divided by 54?
37
Calculate the remainder when 175 is divided by 18.
13
Calculate the remainder when 42 is divided by 14.
0
Calculate the remainder when 1322 is divided by 89.
76
Calculate the remainder when 644 is divided by 35.
14
Calculate the remainder when 1665 is divided by 12.
9
Calculate the remainder when 370 is divided by 110.
40
Calculate the remainder when 1361 is divided by 65.
61
Calculate the remainder when 171 is divided by 56.
3
What is the remainder when 3057 is divided by 102?
99
What is the remainder when 298 is divided by 101?
96
Calculate the remainder when 161 is divided by 44.
29
Calculate the remainder when 378 is divided by 246.
132
What is the remainder when 84 is divided by 18?
12
What is the remainder when 2614 is divided by 260?
14
Calculate the remainder when 1007 is divided by 14.
13
Calculate the remainder when 8839 is divided by 61.
55
What is the remainder when 130 is divided by 11?
9
Calculate the remainder when 3903 is divided by 6.
3
What is the remainder when 869 is divided by 8?
5
What is the remainder when 539 is divided by 9?
8
Calculate the remainder when 2760 is divided by 395.
390
What is the remainder when 650 is divided by 212?
14
Calculate the remainder when 190 is divided by 57.
19
What is the remainder when 2758 is divided by 5?
3
What is the remainder when 297 is divided by 77?
66
Calculate the remainder when 3717 is divided by 60.
57
What is the remainder when 38 is divided by 13?
12
Calculate the remainder when 409 is divided by 99.
13
What is the remainder when 746 is divided by 27?
17
Calculate the remainder when 538 is divided by 11.
10
What is the remainder when 669 is divided by 27?
21
Calculate the remainder when 1287 is divided by 12.
3
What is the remainder when 136 is divided by 113?
23
Calculate the remainder when 40 is divided by 4.
0
Calculate the remainder when 7446 is divided by 49.
47
Calculate the remainder when 152 is divided by 140.
12
What is the remainder when 1935 is divided by 149?
147
What is the remainder when 60 is divided by 26?
8
What is the remainder when 3120 is divided by 82?
4
What is the remainder when 2636 is divided by 120?
116
Calculate the remainder when 589 is divided by 59.
58
Calculate the remainder when 9897 is divided by 44.
41
Calculate the remainder when 20 is divided by 13.
7
Calculate the remainder when 37 is divided by 21.
16
Calculate the remainder when 597 is divided by 4.
1
Calculate the remainder when 32 is divided by 6.
2
Calculate the remainder when 51 is divided by 30.
21
Calculate the remainder when 93 is divided by 48.
45
Calculate the remainder when 773 is divided by 190.
13
Calculate the remainder when 1065 is divided by 280.
225
What is the remainder when 135 is divided by 66?
3
What is the remainder when 1079 is divided by 49?
1
Calculate the remainder when 345 is divided by 177.
168
Calculate the remainder when 21543 is divided by 21.
18
Calculate the remainder when 2081 is divided by 687.
20
What is the remainder when 168 is divided by 44?
36
What is the remainder when 220 is divided by 112?
108
What is the remainder when 891 is divided by 60?
51
What is the remainder when 168 is divided by 51?
15
What is the remainder when 807 is divided by 28?
23
Calculate the remainder when 247 is divided by 46.
17
Calculate the remainder when 380 is divided by 80.
60
What is the remainder when 44 is divided by 23?
21
What is the remainder when 30 is divided by 12?
6
What is the remainder when 28 is divided by 10?
8
What is the remainder when 146 is divided by 57?
32
What is the remainder when 108 is divided by 30?
18
Calculate the remainder when 3606 is divided by 3.
0
Calculate the remainder when 505 is divided by 139.
88
What is the remainder when 175 is divided by 13?
6
Calculate the remainder when 2454 is divided by 63.
60
Calculate the remainder when 2003 is divided by 201.
194
What is the remainder when 315 is divided by 31?
5
What is the remainder when 3336 is divided by 9?
6
What is the remainder when 48 is divided by 13?
9
What is the remainder when 118 is divided by 46?
26
Calculate the remainder when 6 is divided by 4.
2
Calculate the remainder when 366 is divided by 48.
30
Calculate the remainder when 2548 is divided by 71.
63
What is the remainder when 291 is divided by 49?
46
Calculate the remainder when 1229 is divided by 15.
14
Calculate the remainder when 2492 is divided by 6.
2
What is the remainder when 3487 is divided by 8?
7
Calculate the remainder when 368 is divided by 13.
4
What is the remainder when 68 is divided by 19?
11
What is the remainder when 750 is divided by 58?
54
Calculate the remainder when 7377 is divided by 12.
9
What is the remainder when 317 is divided by 23?
18
Calculate the remainder when 2302 is divided by 231.
223
What is the remainder when 3510 is divided by 44?
34
What is the remainder when 3051 is divided by 35?
6
Calculate the remainder when 192 is divided by 67.
58
Calculate